Last updated on 2019-10-31 00:50:59 CET.
Flavor | Version | Tinstall | Tcheck | Ttotal | Status | Flags |
---|---|---|---|---|---|---|
r-devel-linux-x86_64-debian-clang | 2.55 | 73.02 | 99.93 | 172.95 | OK | |
r-devel-linux-x86_64-debian-gcc | 2.55 | 51.85 | 76.52 | 128.37 | OK | |
r-devel-linux-x86_64-fedora-clang | 2.55 | 237.18 | WARN | |||
r-devel-linux-x86_64-fedora-gcc | 2.55 | 228.39 | OK | |||
r-devel-windows-ix86+x86_64 | 2.55 | 146.00 | 206.00 | 352.00 | OK | |
r-patched-linux-x86_64 | 2.55 | 51.47 | 97.56 | 149.03 | OK | |
r-patched-solaris-x86 | 2.55 | 294.70 | OK | |||
r-release-linux-x86_64 | 2.55 | 57.45 | 97.92 | 155.37 | OK | |
r-release-windows-ix86+x86_64 | 2.55 | 145.00 | 144.00 | 289.00 | OK | |
r-release-osx-x86_64 | 2.55 | OK | ||||
r-oldrel-windows-ix86+x86_64 | 2.55 | 91.00 | 196.00 | 287.00 | OK | |
r-oldrel-osx-x86_64 | 2.55 | OK |
Version: 2.55
Check: whether package can be installed
Result: WARN
Found the following significant warnings:
./matrix.h:4401:3: warning: 'bind1st<std::__1::multiplies<double>, double>' is deprecated [-Wdeprecated-declarations]
./matrix.h:4401:3: warning: 'bind2nd<std::__1::multiplies<double>, double>' is deprecated [-Wdeprecated-declarations]
./matrix.h:4365:3: warning: 'bind1st<std::__1::minus<double>, double>' is deprecated [-Wdeprecated-declarations]
./matrix.h:4365:3: warning: 'bind2nd<std::__1::minus<double>, double>' is deprecated [-Wdeprecated-declarations]
./matrix.h:4330:3: warning: 'bind1st<std::__1::plus<double>, double>' is deprecated [-Wdeprecated-declarations]
./matrix.h:4330:3: warning: 'bind2nd<std::__1::plus<double>, double>' is deprecated [-Wdeprecated-declarations]
./matrix.h:4436:3: warning: 'bind1st<std::__1::divides<double>, double>' is deprecated [-Wdeprecated-declarations]
./matrix.h:4436:3: warning: 'bind2nd<std::__1::divides<double>, double>' is deprecated [-Wdeprecated-declarations]
./matrix.h:4365:3: warning: 'bind1st<std::__1::minus<int>, int>' is deprecated [-Wdeprecated-declarations]
./matrix.h:4365:3: warning: 'bind2nd<std::__1::minus<int>, int>' is deprecated [-Wdeprecated-declarations]
Flavor: r-devel-linux-x86_64-fedora-clang