CRAN Package Check Results for Package MetamapsDB

Last updated on 2019-10-31 00:50:59 CET.

Flavor Version Tinstall Tcheck Ttotal Status Flags
r-devel-linux-x86_64-debian-clang 0.0.2 38.51 297.55 336.06 OK
r-devel-linux-x86_64-debian-gcc 0.0.2 33.49 230.48 263.97 OK
r-devel-linux-x86_64-fedora-clang 0.0.2 418.02 NOTE
r-devel-linux-x86_64-fedora-gcc 0.0.2 422.52 NOTE
r-devel-windows-ix86+x86_64 0.0.2 101.00 386.00 487.00 OK
r-patched-linux-x86_64 0.0.2 33.44 280.40 313.84 OK
r-patched-solaris-x86 0.0.2 584.30 NOTE
r-release-linux-x86_64 0.0.2 33.74 281.48 315.22 OK
r-release-windows-ix86+x86_64 0.0.2 91.00 365.00 456.00 OK
r-release-osx-x86_64 0.0.2 ERROR
r-oldrel-windows-ix86+x86_64 0.0.2 39.00 362.00 401.00 OK
r-oldrel-osx-x86_64 0.0.2 ERROR

Check Details

Version: 0.0.2
Check: dependencies in R code
Result: NOTE
    Namespaces in Imports field not imported from:
     ‘Matrix’ ‘shiny’
     All declared Imports should be used.
Flavors: r-devel-linux-x86_64-fedora-clang, r-devel-linux-x86_64-fedora-gcc, r-patched-solaris-x86

Version: 0.0.2
Check: whether package can be installed
Result: ERROR
    Installation failed.
Flavor: r-release-osx-x86_64

Version: 0.0.2
Check: package dependencies
Result: ERROR
    Package required but not available: ‘ShortRead’
    
    See section ‘The DESCRIPTION file’ in the ‘Writing R Extensions’
    manual.
Flavor: r-oldrel-osx-x86_64