Last updated on 2019-10-31 00:50:59 CET.
Flavor | Version | Tinstall | Tcheck | Ttotal | Status | Flags |
---|---|---|---|---|---|---|
r-devel-linux-x86_64-debian-clang | 1.5.1 | 643.34 | 92.58 | 735.92 | OK | |
r-devel-linux-x86_64-debian-gcc | 1.5.1 | 493.20 | 71.60 | 564.80 | OK | |
r-devel-linux-x86_64-fedora-clang | 1.5.1 | 1063.15 | NOTE | |||
r-devel-linux-x86_64-fedora-gcc | 1.5.1 | 1108.55 | OK | |||
r-devel-windows-ix86+x86_64 | 1.5.1 | 1753.00 | 257.00 | 2010.00 | NOTE | |
r-patched-linux-x86_64 | 1.5.1 | 553.26 | 87.13 | 640.39 | OK | |
r-patched-solaris-x86 | 1.5.1 | 889.10 | OK | |||
r-release-linux-x86_64 | 1.5.1 | 554.48 | 87.94 | 642.42 | OK | |
r-release-windows-ix86+x86_64 | 1.5.1 | 1731.00 | 234.00 | 1965.00 | NOTE | |
r-release-osx-x86_64 | 1.5.1 | NOTE | ||||
r-oldrel-windows-ix86+x86_64 | 1.5.1 | 1278.00 | 231.00 | 1509.00 | NOTE | |
r-oldrel-osx-x86_64 | 1.5.1 | NOTE |
Version: 1.5.1
Check: installed package size
Result: NOTE
installed size is 40.1Mb
sub-directories of 1Mb or more:
libs 37.8Mb
Flavors: r-devel-linux-x86_64-fedora-clang, r-devel-windows-ix86+x86_64, r-release-windows-ix86+x86_64, r-release-osx-x86_64, r-oldrel-windows-ix86+x86_64, r-oldrel-osx-x86_64