CRAN Package Check Results for Package MortalityLaws

Last updated on 2019-10-31 00:51:00 CET.

Flavor Version Tinstall Tcheck Ttotal Status Flags
r-devel-linux-x86_64-debian-clang 1.8.0 7.06 120.88 127.94 OK
r-devel-linux-x86_64-debian-gcc 1.8.0 5.62 64.80 70.42 OK
r-devel-linux-x86_64-fedora-clang 1.8.0 88.46 OK
r-devel-linux-x86_64-fedora-gcc 1.8.0 86.10 OK
r-devel-windows-ix86+x86_64 1.8.0 22.00 213.00 235.00 OK
r-patched-linux-x86_64 1.8.0 7.50 112.13 119.63 OK
r-patched-solaris-x86 1.8.0 177.10 ERROR
r-release-linux-x86_64 1.8.0 6.92 112.84 119.76 OK
r-release-windows-ix86+x86_64 1.8.0 20.00 210.00 230.00 OK
r-release-osx-x86_64 1.8.0 OK
r-oldrel-windows-ix86+x86_64 1.8.0 9.00 210.00 219.00 OK
r-oldrel-osx-x86_64 1.8.0 OK

Check Details

Version: 1.8.0
Check: tests
Result: ERROR
     Running ‘testthat.R’ [1m/10m]
    Running the tests in ‘tests/testthat.R’ failed.
    Complete output:
     > # --------------------------------------------------- #
     > # Author: Marius D. Pascariu
     > # License: MIT
     > # Last update: Wed Jun 05 14:41:16 2019
     > # --------------------------------------------------- #
     >
     > library(testthat)
     > # expect_message(library(MortalityLaws))
     >
     > test_check("MortalityLaws")
     Loading required package: MortalityLaws
     [1] 1
     [1] 2
     [1] 3
     [1] 4
     [1] 5
     [1] 6
     [1] 7
     [1] 8
     [1] 9
     [1] 10
     [1] 11
     [1] 12
     [1] 13
     [1] 14
     [1] 15
     [1] 16
     M1: gompertz
     M2: gompertz0
     M3: invgompertz
     M4: makeham
     M5: makeham0
     M6: opperman
     M7: thiele
     M8: wittstein
     M9: perks
     M10: weibull
     M11: invweibull
     M12: vandermaen
     M13: vandermaen2
     M14: strehler_mildvan
     M15: quadratic
     M16: beard
     M17: beard_makeham
     M18: ggompertz
     M19: siler
     M20: HP
     M21: HP2
     M22: HP3
     M23: HP4
     M24: rogersplanck
     M25: martinelle
     M26: carriere1
     M27: carriere2
     M28: kostaki
     M29: kannisto
     M30: kannisto_makeham
     :Downloading AUS :Downloading AUT :Downloading BEL :Downloading BGR :Downloading BLR :Downloading CAN :Downloading CHL :Downloading HRV :Downloading CHE :Downloading CZE :Downloading DEUTNP :Downloading DEUTE :Downloading DEUTW :Downloading DNK :Downloading ESP :Downloading EST :Downloading FIN :Downloading FRATNP :Downloading FRACNP :Downloading GRC :Downloading HUN :Downloading IRL :Downloading ISL :Downloading ISR :Downloading ITA :Downloading JPN :Downloading KOR :Downloading LTU :Downloading LUX :Downloading LVA :Downloading NLD :Downloading NOR :Downloading NZL_NP :Downloading NZL_MA :Downloading NZL_NM :Downloading POL :Downloading PRT :Downloading RUS :Downloading SVK :Downloading SVN :Downloading SWE :Downloading TWN :Downloading UKR :Downloading GBR_NP :Downloading GBRTENW :Downloading GBRCENW :Downloading GBR_SCO :Downloading GBR_NIR :Downloading USA ── 1. Failure: (unknown) (@test_ReadHMD.R#10) ─────────────────────────────────
     `ReadHMD(what = "Dx", username = "fake_user", password = "fake_password")` did not throw an error.
    
     :Downloading Japan :Downloading Japan :Downloading Kyoto 1 Create mx_from_mx
     2 Create mx_from_qx
     3 Create mx_from_dx
     4 Create mx_from_lx
     5 Create qx_from_mx
     6 Create qx_from_qx
     7 Create qx_from_dx
     8 Create qx_from_lx
     9 Create dx_from_mx
     10 Create dx_from_qx
     11 Create dx_from_dx
     12 Create dx_from_lx
     13 Create lx_from_mx
     14 Create lx_from_qx
     15 Create lx_from_dx
     16 Create lx_from_lx
     17 Create Lx_from_mx
     18 Create Lx_from_qx
     19 Create Lx_from_dx
     20 Create Lx_from_lx
     21 Create Tx_from_mx
     22 Create Tx_from_qx
     23 Create Tx_from_dx
     24 Create Tx_from_lx
     25 Create ex_from_mx
     26 Create ex_from_qx
     27 Create ex_from_dx
     28 Create ex_from_lx
     ══ testthat results ═══════════════════════════════════════════════════════════
     [ OK: 942 | SKIPPED: 0 | WARNINGS: 1 | FAILED: 1 ]
     1. Failure: (unknown) (@test_ReadHMD.R#10)
    
     Error: testthat unit tests failed
     Execution halted
Flavor: r-patched-solaris-x86