Last updated on 2019-10-31 00:51:00 CET.
Flavor | Version | Tinstall | Tcheck | Ttotal | Status | Flags |
---|---|---|---|---|---|---|
r-devel-linux-x86_64-debian-clang | 0.1.0 | 2.02 | 16.20 | 18.22 | OK | |
r-devel-linux-x86_64-debian-gcc | 0.1.0 | 1.53 | 13.28 | 14.81 | OK | |
r-devel-linux-x86_64-fedora-clang | 0.1.0 | 22.72 | NOTE | |||
r-devel-linux-x86_64-fedora-gcc | 0.1.0 | 23.72 | NOTE | |||
r-devel-windows-ix86+x86_64 | 0.1.0 | 13.00 | 59.00 | 72.00 | OK | |
r-patched-linux-x86_64 | 0.1.0 | 1.33 | 15.93 | 17.26 | OK | |
r-patched-solaris-x86 | 0.1.0 | 35.70 | NOTE | |||
r-release-linux-x86_64 | 0.1.0 | 1.40 | 15.94 | 17.34 | OK | |
r-release-windows-ix86+x86_64 | 0.1.0 | 11.00 | 54.00 | 65.00 | OK | |
r-oldrel-windows-ix86+x86_64 | 0.1.0 | 4.00 | 38.00 | 42.00 | OK |
Version: 0.1.0
Check: dependencies in R code
Result: NOTE
Namespaces in Imports field not imported from:
‘caret’ ‘datasets’ ‘dplyr’ ‘e1071’ ‘rhandsontable’ ‘shiny’
All declared Imports should be used.
Flavors: r-devel-linux-x86_64-fedora-clang, r-devel-linux-x86_64-fedora-gcc, r-patched-solaris-x86