Last updated on 2019-10-31 00:51:01 CET.
Flavor | Version | Tinstall | Tcheck | Ttotal | Status | Flags |
---|---|---|---|---|---|---|
r-devel-linux-x86_64-debian-clang | 1.0.2 | 21.88 | 50.10 | 71.98 | NOTE | |
r-devel-linux-x86_64-debian-gcc | 1.0.2 | 13.11 | 38.80 | 51.91 | NOTE | |
r-devel-linux-x86_64-fedora-clang | 1.0.2 | 93.64 | OK | |||
r-devel-linux-x86_64-fedora-gcc | 1.0.2 | 88.89 | OK | |||
r-devel-windows-ix86+x86_64 | 1.0.2 | 46.00 | 125.00 | 171.00 | NOTE | |
r-patched-linux-x86_64 | 1.0.2 | 15.59 | 46.62 | 62.21 | OK | |
r-patched-solaris-x86 | 1.0.2 | 958.50 | OK | |||
r-release-linux-x86_64 | 1.0.2 | 13.56 | 47.34 | 60.90 | OK | |
r-release-windows-ix86+x86_64 | 1.0.2 | 43.00 | 125.00 | 168.00 | OK | |
r-release-osx-x86_64 | 1.0.2 | OK | ||||
r-oldrel-windows-ix86+x86_64 | 1.0.2 | 32.00 | 139.00 | 171.00 | OK | |
r-oldrel-osx-x86_64 | 1.0.2 | OK |
Version: 1.0.2
Check: package vignettes
Result: NOTE
Package vignette with placeholder title 'Vignette Title':
'OTclust.Rmd'
Flavors: r-devel-linux-x86_64-debian-clang, r-devel-linux-x86_64-debian-gcc, r-devel-windows-ix86+x86_64