Last updated on 2019-10-31 00:51:04 CET.
Flavor | Version | Tinstall | Tcheck | Ttotal | Status | Flags |
---|---|---|---|---|---|---|
r-devel-linux-x86_64-debian-clang | 0.1.1 | 46.53 | 72.84 | 119.37 | OK | |
r-devel-linux-x86_64-debian-gcc | 0.1.1 | 32.83 | 53.91 | 86.74 | OK | |
r-devel-linux-x86_64-fedora-clang | 0.1.1 | 148.05 | NOTE | |||
r-devel-linux-x86_64-fedora-gcc | 0.1.1 | 147.54 | OK | |||
r-devel-windows-ix86+x86_64 | 0.1.1 | 97.00 | 210.00 | 307.00 | OK | |
r-patched-linux-x86_64 | 0.1.1 | 39.44 | 67.30 | 106.74 | OK | |
r-patched-solaris-x86 | 0.1.1 | 159.00 | OK | |||
r-release-linux-x86_64 | 0.1.1 | 36.96 | 69.00 | 105.96 | OK | |
r-release-windows-ix86+x86_64 | 0.1.1 | 92.00 | 181.00 | 273.00 | OK | |
r-release-osx-x86_64 | 0.1.1 | NOTE | ||||
r-oldrel-windows-ix86+x86_64 | 0.1.1 | 68.00 | 219.00 | 287.00 | OK | |
r-oldrel-osx-x86_64 | 0.1.1 | OK |
Version: 0.1.1
Check: installed package size
Result: NOTE
installed size is 5.1Mb
sub-directories of 1Mb or more:
libs 3.9Mb
Flavors: r-devel-linux-x86_64-fedora-clang, r-release-osx-x86_64