Last updated on 2019-10-31 00:51:01 CET.
Flavor | Version | Tinstall | Tcheck | Ttotal | Status | Flags |
---|---|---|---|---|---|---|
r-devel-linux-x86_64-debian-clang | 1.1 | 13.39 | 128.22 | 141.61 | OK | |
r-devel-linux-x86_64-debian-gcc | 1.1 | 10.29 | 99.04 | 109.33 | OK | |
r-devel-linux-x86_64-fedora-clang | 1.1 | 179.45 | NOTE | |||
r-devel-linux-x86_64-fedora-gcc | 1.1 | 178.72 | NOTE | |||
r-devel-windows-ix86+x86_64 | 1.1 | 45.00 | 215.00 | 260.00 | OK | |
r-patched-linux-x86_64 | 1.1 | 11.69 | 122.03 | 133.72 | OK | |
r-patched-solaris-x86 | 1.1 | 253.90 | NOTE | |||
r-release-linux-x86_64 | 1.1 | 11.71 | 122.60 | 134.31 | OK | |
r-release-windows-ix86+x86_64 | 1.1 | 36.00 | 193.00 | 229.00 | OK | |
r-release-osx-x86_64 | 1.1 | ERROR | ||||
r-oldrel-windows-ix86+x86_64 | 1.1 | 19.00 | 199.00 | 218.00 | OK | |
r-oldrel-osx-x86_64 | 1.1 | ERROR |
Version: 1.1
Check: dependencies in R code
Result: NOTE
Namespaces in Imports field not imported from:
‘Biobase’ ‘KernSmooth’ ‘Mfuzz’ ‘SelectBoost’ ‘animation’ ‘c060’
‘cluster’ ‘gplots’ ‘grid’ ‘jetset’
All declared Imports should be used.
Flavors: r-devel-linux-x86_64-fedora-clang, r-devel-linux-x86_64-fedora-gcc, r-patched-solaris-x86
Version: 1.1
Check: package dependencies
Result: ERROR
Packages required but not available: 'jetset', 'Mfuzz', 'WGCNA'
See section ‘The DESCRIPTION file’ in the ‘Writing R Extensions’
manual.
Flavor: r-release-osx-x86_64
Version: 1.1
Check: package dependencies
Result: ERROR
Package required but not available: ‘Mfuzz’
See section ‘The DESCRIPTION file’ in the ‘Writing R Extensions’
manual.
Flavor: r-oldrel-osx-x86_64