Last updated on 2019-10-31 00:51:02 CET.
Flavor | Version | Tinstall | Tcheck | Ttotal | Status | Flags |
---|---|---|---|---|---|---|
r-devel-linux-x86_64-debian-clang | 1.0.1 | 32.92 | 57.72 | 90.64 | OK | |
r-devel-linux-x86_64-debian-gcc | 1.0.1 | 24.61 | 45.67 | 70.28 | OK | |
r-devel-linux-x86_64-fedora-clang | 1.0.1 | 116.00 | NOTE | |||
r-devel-linux-x86_64-fedora-gcc | 1.0.1 | 114.84 | NOTE | |||
r-devel-windows-ix86+x86_64 | 1.0.1 | 87.00 | 136.00 | 223.00 | OK | |
r-patched-linux-x86_64 | 1.0.1 | 27.44 | 55.25 | 82.69 | OK | |
r-patched-solaris-x86 | 1.0.1 | 145.90 | OK | |||
r-release-linux-x86_64 | 1.0.1 | 25.38 | 55.54 | 80.92 | OK | |
r-release-windows-ix86+x86_64 | 1.0.1 | 80.00 | 119.00 | 199.00 | OK | |
r-release-osx-x86_64 | 1.0.1 | OK | ||||
r-oldrel-windows-ix86+x86_64 | 1.0.1 | 53.00 | 134.00 | 187.00 | OK | |
r-oldrel-osx-x86_64 | 1.0.1 | OK |
Version: 1.0.1
Check: compiled code
Result: NOTE
File ‘PenCoxFrail/libs/PenCoxFrail.so’:
Found no calls to: ‘R_registerRoutines’, ‘R_useDynamicSymbols’
It is good practice to register native routines and to disable symbol
search.
See ‘Writing portable packages’ in the ‘Writing R Extensions’ manual.
Flavors: r-devel-linux-x86_64-fedora-clang, r-devel-linux-x86_64-fedora-gcc