CRAN Package Check Results for Package PhyInformR

Last updated on 2019-10-31 00:51:02 CET.

Flavor Version Tinstall Tcheck Ttotal Status Flags
r-devel-linux-x86_64-debian-clang 1.0 10.56 72.57 83.13 NOTE
r-devel-linux-x86_64-debian-gcc 1.0 8.60 55.88 64.48 NOTE
r-devel-linux-x86_64-fedora-clang 1.0 101.26 NOTE
r-devel-linux-x86_64-fedora-gcc 1.0 99.52 NOTE
r-devel-windows-ix86+x86_64 1.0 32.00 125.00 157.00 OK
r-patched-linux-x86_64 1.0 10.30 70.99 81.29 OK
r-patched-solaris-x86 1.0 148.40 NOTE
r-release-linux-x86_64 1.0 10.04 71.58 81.62 OK
r-release-windows-ix86+x86_64 1.0 30.00 107.00 137.00 OK
r-release-osx-x86_64 1.0 FAIL
r-oldrel-windows-ix86+x86_64 1.0 14.00 156.00 170.00 OK
r-oldrel-osx-x86_64 1.0 NOTE

Check Details

Version: 1.0
Check: for non-standard things in the check directory
Result: NOTE
    Found the following files/directories:
     'output_values'
Flavors: r-devel-linux-x86_64-debian-clang, r-devel-linux-x86_64-debian-gcc, r-devel-linux-x86_64-fedora-clang, r-devel-linux-x86_64-fedora-gcc

Version: 1.0
Check: dependencies in R code
Result: NOTE
    Namespaces in Imports field not imported from:
     ‘gplots’ ‘phytools’
     All declared Imports should be used.
Flavors: r-devel-linux-x86_64-fedora-clang, r-devel-linux-x86_64-fedora-gcc, r-patched-solaris-x86, r-oldrel-osx-x86_64

Version: 1.0
Check: whether package can be installed
Result: FAIL
    
Flavor: r-release-osx-x86_64