Last updated on 2019-10-31 00:51:02 CET.
Flavor | Version | Tinstall | Tcheck | Ttotal | Status | Flags |
---|---|---|---|---|---|---|
r-devel-linux-x86_64-debian-clang | 1.3.0 | 51.08 | 165.31 | 216.39 | OK | |
r-devel-linux-x86_64-debian-gcc | 1.3.0 | 39.65 | 123.22 | 162.87 | OK | |
r-devel-linux-x86_64-fedora-clang | 1.3.0 | 258.77 | OK | |||
r-devel-linux-x86_64-fedora-gcc | 1.3.0 | 259.63 | OK | |||
r-devel-windows-ix86+x86_64 | 1.3.0 | 122.00 | 443.00 | 565.00 | OK | |
r-patched-linux-x86_64 | 1.3.0 | 44.51 | 153.16 | 197.67 | OK | |
r-patched-solaris-x86 | 1.3.0 | 645.30 | OK | |||
r-release-linux-x86_64 | 1.3.0 | 43.42 | 154.13 | 197.55 | OK | |
r-release-windows-ix86+x86_64 | 1.3.0 | 109.00 | 440.00 | 549.00 | OK | |
r-release-osx-x86_64 | 1.3.0 | OK | ||||
r-oldrel-windows-ix86+x86_64 | 1.2.1 | 71.00 | 477.00 | 548.00 | OK | |
r-oldrel-osx-x86_64 | 1.3.0 | ERROR |
Version: 1.3.0
Check: package dependencies
Result: ERROR
Packages required and available but unsuitable versions:
‘graphics’ ‘grDevices’ ‘LINselect’ ‘methods’ ‘stats’ ‘utils’
See section ‘The DESCRIPTION file’ in the ‘Writing R Extensions’
manual.
Flavor: r-oldrel-osx-x86_64