Last updated on 2019-10-31 00:51:04 CET.
Flavor | Version | Tinstall | Tcheck | Ttotal | Status | Flags |
---|---|---|---|---|---|---|
r-devel-linux-x86_64-debian-clang | 0.1.1 | 8.12 | 69.25 | 77.37 | OK | |
r-devel-linux-x86_64-debian-gcc | 0.1.1 | 7.11 | 55.57 | 62.68 | OK | |
r-devel-linux-x86_64-fedora-clang | 0.1.1 | 95.51 | OK | |||
r-devel-linux-x86_64-fedora-gcc | 0.1.1 | 95.69 | OK | |||
r-devel-windows-ix86+x86_64 | 0.1.1 | 23.00 | 123.00 | 146.00 | OK | |
r-patched-linux-x86_64 | 0.1.1 | 8.31 | 67.34 | 75.65 | OK | |
r-patched-solaris-x86 | 0.1.1 | 137.80 | OK | |||
r-release-linux-x86_64 | 0.1.1 | 8.36 | 66.93 | 75.29 | OK | |
r-release-windows-ix86+x86_64 | 0.1.1 | 25.00 | 72.00 | 97.00 | OK | |
r-release-osx-x86_64 | 0.1.1 | FAIL | ||||
r-oldrel-windows-ix86+x86_64 | 0.1.1 | 8.00 | 131.00 | 139.00 | OK | |
r-oldrel-osx-x86_64 | 0.1.1 | OK |
Version: 0.1.1
Check: whether package can be installed
Result: FAIL
Flavor: r-release-osx-x86_64