Last updated on 2019-10-31 00:51:06 CET.
Flavor | Version | Tinstall | Tcheck | Ttotal | Status | Flags |
---|---|---|---|---|---|---|
r-devel-linux-x86_64-debian-clang | 4.2.4 | 17.94 | 105.43 | 123.37 | OK | |
r-devel-linux-x86_64-debian-gcc | 4.2.4 | 14.35 | 82.96 | 97.31 | OK | |
r-devel-linux-x86_64-fedora-clang | 4.2.5 | 154.33 | OK | |||
r-devel-linux-x86_64-fedora-gcc | 4.2.5 | 154.17 | OK | |||
r-devel-windows-ix86+x86_64 | 4.2.4 | 57.00 | 195.00 | 252.00 | FAIL | |
r-patched-linux-x86_64 | 4.2.4 | 17.82 | 102.76 | 120.58 | OK | |
r-patched-solaris-x86 | 4.2.5 | 214.30 | OK | |||
r-release-linux-x86_64 | 4.2.4 | 18.05 | 104.02 | 122.07 | OK | |
r-release-windows-ix86+x86_64 | 4.2.4 | 49.00 | 173.00 | 222.00 | OK | |
r-release-osx-x86_64 | 4.2.4 | WARN | ||||
r-oldrel-windows-ix86+x86_64 | 4.2.4 | 43.00 | 223.00 | 266.00 | OK | |
r-oldrel-osx-x86_64 | 4.2.4 | OK |
Version: 4.2.4
Check: running examples for arch ‘x64’
Result: ERROR
Running examples in 'RHRV-Ex.R' failed
The error occurred in:
Flavor: r-devel-windows-ix86+x86_64
Version: 4.2.4
Check: for unstated dependencies in vignettes
Result: FAIL
Flavor: r-devel-windows-ix86+x86_64
Version: 4.2.4
Check: whether package can be installed
Result: WARN
Found the following significant warnings:
Warning: loading Rplot failed
Warning: 'rgl_init' failed, running with rgl.useNULL = TRUE
Flavor: r-release-osx-x86_64