CRAN Package Check Results for Package RISCA

Last updated on 2019-10-31 00:51:06 CET.

Flavor Version Tinstall Tcheck Ttotal Status Flags
r-devel-linux-x86_64-debian-clang 0.8 35.70 212.81 248.51 OK
r-devel-linux-x86_64-debian-gcc 0.8 27.31 155.39 182.70 OK
r-devel-linux-x86_64-fedora-clang 0.8 285.88 OK
r-devel-linux-x86_64-fedora-gcc 0.8 284.90 OK
r-devel-windows-ix86+x86_64 0.8 90.00 312.00 402.00 FAIL
r-patched-linux-x86_64 0.8 30.78 200.00 230.78 OK
r-patched-solaris-x86 0.8 358.10 OK
r-release-linux-x86_64 0.8 30.78 199.82 230.60 OK
r-release-windows-ix86+x86_64 0.8 77.00 202.00 279.00 OK
r-release-osx-x86_64 0.8 OK
r-oldrel-osx-x86_64 0.8 ERROR

Check Details

Version: 0.8
Check: for code/documentation mismatches
Result: FAIL
    
Flavor: r-devel-windows-ix86+x86_64

Version: 0.8
Check: whether package can be installed
Result: ERROR
    Installation failed.
Flavor: r-oldrel-osx-x86_64