CRAN Package Check Results for Package RJDBC

Last updated on 2019-10-31 00:51:06 CET.

Flavor Version Tinstall Tcheck Ttotal Status Flags
r-devel-linux-x86_64-debian-clang 0.2-7.1 3.91 32.27 36.18 OK
r-devel-linux-x86_64-debian-gcc 0.2-7.1 3.39 25.13 28.52 OK
r-devel-linux-x86_64-fedora-clang 0.2-7.1 44.20 OK
r-devel-linux-x86_64-fedora-gcc 0.2-7.1 44.25 OK
r-devel-windows-ix86+x86_64 0.2-7.1 9.00 8.00 17.00 ERROR
r-patched-linux-x86_64 0.2-7.1 3.01 31.00 34.01 OK
r-patched-solaris-x86 0.2-7.1 61.10 OK
r-release-linux-x86_64 0.2-7.1 3.79 31.00 34.79 OK
r-release-windows-ix86+x86_64 0.2-7.1 13.00 39.00 52.00 OK
r-release-osx-x86_64 0.2-7.1 OK
r-oldrel-windows-ix86+x86_64 0.2-7.1 5.00 59.00 64.00 OK
r-oldrel-osx-x86_64 0.2-7.1 OK

Check Details

Version: 0.2-7.1
Check: whether package can be installed
Result: ERROR
    Installation failed.
Flavor: r-devel-windows-ix86+x86_64