CRAN Package Check Results for Package RKEAjars

Last updated on 2019-10-31 00:51:06 CET.

Flavor Version Tinstall Tcheck Ttotal Status Flags
r-devel-linux-x86_64-debian-clang 5.0-4 4.32 22.10 26.42 OK
r-devel-linux-x86_64-debian-gcc 5.0-4 2.79 17.11 19.90 OK
r-devel-linux-x86_64-fedora-clang 5.0-4 31.50 NOTE
r-devel-linux-x86_64-fedora-gcc 5.0-4 32.27 OK
r-devel-windows-ix86+x86_64 5.0-4 7.00 5.00 12.00 ERROR
r-patched-linux-x86_64 5.0-4 3.30 21.08 24.38 OK
r-patched-solaris-x86 5.0-4 44.20 NOTE
r-release-linux-x86_64 5.0-4 3.88 21.04 24.92 OK
r-release-windows-ix86+x86_64 5.0-4 14.00 42.00 56.00 NOTE
r-release-osx-x86_64 5.0-4 NOTE
r-oldrel-windows-ix86+x86_64 5.0-4 7.00 42.00 49.00 NOTE
r-oldrel-osx-x86_64 5.0-4 NOTE

Check Details

Version: 5.0-4
Check: installed package size
Result: NOTE
     installed size is 10.9Mb
     sub-directories of 1Mb or more:
     java 10.8Mb
Flavors: r-devel-linux-x86_64-fedora-clang, r-patched-solaris-x86, r-release-windows-ix86+x86_64, r-release-osx-x86_64, r-oldrel-windows-ix86+x86_64, r-oldrel-osx-x86_64

Version: 5.0-4
Check: whether package can be installed
Result: ERROR
    Installation failed.
Flavor: r-devel-windows-ix86+x86_64