Last updated on 2019-10-31 00:51:06 CET.
Flavor | Version | Tinstall | Tcheck | Ttotal | Status | Flags |
---|---|---|---|---|---|---|
r-devel-linux-x86_64-debian-clang | 0.2.2 | 9.95 | 75.81 | 85.76 | OK | |
r-devel-linux-x86_64-debian-gcc | 0.2.2 | 8.02 | 58.03 | 66.05 | OK | |
r-devel-linux-x86_64-fedora-clang | 0.2.2 | 102.72 | NOTE | |||
r-devel-linux-x86_64-fedora-gcc | 0.2.2 | 100.74 | NOTE | |||
r-devel-windows-ix86+x86_64 | 0.2.2 | 29.00 | 114.00 | 143.00 | OK | |
r-patched-linux-x86_64 | 0.2.2 | 8.86 | 71.37 | 80.23 | OK | |
r-patched-solaris-x86 | 0.2.2 | 143.10 | NOTE | |||
r-release-linux-x86_64 | 0.2.2 | 8.38 | 70.97 | 79.35 | OK | |
r-release-windows-ix86+x86_64 | 0.2.2 | 29.00 | 97.00 | 126.00 | OK | |
r-release-osx-x86_64 | 0.2.2 | NOTE | ||||
r-oldrel-windows-ix86+x86_64 | 0.2.2 | 15.00 | 129.00 | 144.00 | OK | |
r-oldrel-osx-x86_64 | 0.2.2 | NOTE |
Version: 0.2.2
Check: dependencies in R code
Result: NOTE
Namespaces in Imports field not imported from:
‘RCarb’ ‘rmarkdown’ ‘shinyjs’
All declared Imports should be used.
Flavors: r-devel-linux-x86_64-fedora-clang, r-devel-linux-x86_64-fedora-gcc, r-patched-solaris-x86, r-release-osx-x86_64, r-oldrel-osx-x86_64