Last updated on 2019-10-31 00:51:06 CET.
Flavor | Version | Tinstall | Tcheck | Ttotal | Status | Flags |
---|---|---|---|---|---|---|
r-devel-linux-x86_64-debian-clang | 4.0.1 | 331.78 | 150.65 | 482.43 | OK | |
r-devel-linux-x86_64-debian-gcc | 4.0.1 | 256.29 | 126.04 | 382.33 | OK | |
r-devel-linux-x86_64-fedora-clang | 4.0.1 | 670.84 | NOTE | |||
r-devel-linux-x86_64-fedora-gcc | 4.0.1 | 644.39 | OK | |||
r-devel-windows-ix86+x86_64 | 4.0.1 | 938.00 | 390.00 | 1328.00 | NOTE | |
r-patched-linux-x86_64 | 4.0.1 | 255.12 | 153.82 | 408.94 | OK | |
r-patched-solaris-x86 | 4.0.1 | 596.40 | OK | |||
r-release-linux-x86_64 | 4.0.1 | 260.09 | 151.00 | 411.09 | OK | |
r-release-windows-ix86+x86_64 | 4.0.1 | 895.00 | 365.00 | 1260.00 | NOTE | |
r-release-osx-x86_64 | 4.0.1 | NOTE | ||||
r-oldrel-windows-ix86+x86_64 | 4.0.1 | 606.00 | 375.00 | 981.00 | NOTE | |
r-oldrel-osx-x86_64 | 4.0.1 | ERROR |
Version: 4.0.1
Check: installed package size
Result: NOTE
installed size is 33.8Mb
sub-directories of 1Mb or more:
doc 1.5Mb
libs 32.1Mb
Flavors: r-devel-linux-x86_64-fedora-clang, r-devel-windows-ix86+x86_64, r-release-windows-ix86+x86_64, r-release-osx-x86_64, r-oldrel-windows-ix86+x86_64, r-oldrel-osx-x86_64
Version: 4.0.1
Check: tests
Result: ERROR
Running ‘testthat.R’ [109s/111s]
Running the tests in ‘tests/testthat.R’ failed.
Last 13 lines of output:
>
> test_check("RMixtCompIO")
── 1. Failure: functional model works (@test.run.R#324) ───────────────────────
rand.index(partition, resGen$z) is not more than 0.9. Difference: -0.0646
partition
zPredict 1 2
1 0 3
2 3 0
══ testthat results ═══════════════════════════════════════════════════════════
[ OK: 39 | SKIPPED: 0 | WARNINGS: 0 | FAILED: 1 ]
1. Failure: functional model works (@test.run.R#324)
Error: testthat unit tests failed
Execution halted
Flavor: r-oldrel-osx-x86_64