Last updated on 2019-10-31 00:51:06 CET.
Flavor | Version | Tinstall | Tcheck | Ttotal | Status | Flags |
---|---|---|---|---|---|---|
r-devel-linux-x86_64-debian-clang | 0.7.1 | 63.48 | 39.90 | 103.38 | OK | |
r-devel-linux-x86_64-debian-gcc | 0.7.1 | 57.97 | 32.72 | 90.69 | OK | |
r-devel-linux-x86_64-fedora-clang | 0.7.1 | 150.68 | NOTE | |||
r-devel-linux-x86_64-fedora-gcc | 0.7.1 | 149.42 | NOTE | |||
r-devel-windows-ix86+x86_64 | 0.7.1 | 145.00 | 87.00 | 232.00 | OK | |
r-patched-linux-x86_64 | 0.7.1 | 63.78 | 40.54 | 104.32 | OK | |
r-patched-solaris-x86 | 0.7.1 | 143.20 | NOTE | |||
r-release-linux-x86_64 | 0.7.1 | 60.56 | 40.92 | 101.48 | OK | |
r-release-windows-ix86+x86_64 | 0.7.1 | 133.00 | 87.00 | 220.00 | OK | |
r-release-osx-x86_64 | 0.7.1 | NOTE | ||||
r-oldrel-windows-ix86+x86_64 | 0.7.1 | 105.00 | 106.00 | 211.00 | OK | |
r-oldrel-osx-x86_64 | 0.7.1 | NOTE |
Version: 0.7.1
Check: installed package size
Result: NOTE
installed size is 16.7Mb
sub-directories of 1Mb or more:
libs 16.4Mb
Flavors: r-devel-linux-x86_64-fedora-clang, r-release-osx-x86_64, r-oldrel-osx-x86_64
Version: 0.7.1
Check: dependencies in R code
Result: NOTE
Namespaces in Imports field not imported from:
‘abind’ ‘foreach’
All declared Imports should be used.
Flavors: r-devel-linux-x86_64-fedora-clang, r-devel-linux-x86_64-fedora-gcc, r-patched-solaris-x86, r-release-osx-x86_64, r-oldrel-osx-x86_64