CRAN Package Check Results for Package RPostgreSQL

Last updated on 2019-10-31 00:51:06 CET.

Flavor Version Tinstall Tcheck Ttotal Status Flags
r-devel-linux-x86_64-debian-clang 0.6-2 8.28 40.13 48.41 NOTE
r-devel-linux-x86_64-debian-gcc 0.6-2 6.35 31.81 38.16 NOTE
r-devel-linux-x86_64-fedora-clang 0.6-2 60.45 NOTE
r-devel-linux-x86_64-fedora-gcc 0.6-2 59.41 NOTE
r-devel-windows-ix86+x86_64 0.6-2 153.00 136.00 289.00 NOTE
r-patched-linux-x86_64 0.6-2 7.85 38.70 46.55 NOTE
r-patched-solaris-x86 0.6-2 83.20 NOTE
r-release-linux-x86_64 0.6-2 7.43 38.78 46.21 NOTE
r-release-windows-ix86+x86_64 0.6-2 159.00 101.00 260.00 NOTE
r-release-osx-x86_64 0.6-2 NOTE
r-oldrel-windows-ix86+x86_64 0.6-2 98.00 149.00 247.00 NOTE
r-oldrel-osx-x86_64 0.6-2 NOTE

Check Details

Version: 0.6-2
Check: top-level files
Result: NOTE
    Found a 'configure.in' file: 'configure.ac' has long been preferred.
     Output from running autoreconf:
     aclocal: warning: autoconf input should be named 'configure.ac', not 'configure.in'
Flavors: r-devel-linux-x86_64-debian-clang, r-devel-linux-x86_64-debian-gcc, r-devel-linux-x86_64-fedora-clang, r-devel-linux-x86_64-fedora-gcc, r-patched-linux-x86_64, r-release-linux-x86_64

Version: 0.6-2
Check: include directives in Makefiles
Result: NOTE
    Found the following Makefile(s) with an include directive with a pathname using R_HOME:
     src/libpq/Makefile.win
    Even though not recommended, variable R_HOME may contain spaces.
    Makefile directives use space as a separator and there is no portable
    way to quote/escape the space in Make rules and directives. However,
    one can and should quote pathnames when passed from Makefile to the
    shell, and this can be done specifically when invoking Make recursively.
    It is therefore recommended to use the Make '-f' option to include files
    in directories specified using R_HOME. This option can be specified
    multiple times to include multiple Makefiles. Note that 'Makeconf' is
    included automatically into top-level makefile of a package.
    More information can be found in 'Writing R Extensions'.
Flavors: r-devel-linux-x86_64-debian-clang, r-devel-linux-x86_64-debian-gcc, r-devel-linux-x86_64-fedora-clang, r-devel-linux-x86_64-fedora-gcc, r-devel-windows-ix86+x86_64, r-patched-linux-x86_64, r-patched-solaris-x86, r-release-linux-x86_64, r-release-windows-ix86+x86_64, r-release-osx-x86_64, r-oldrel-windows-ix86+x86_64, r-oldrel-osx-x86_64

Version: 0.6-2
Check: top-level files
Result: NOTE
    Found a 'configure.in' file: 'configure.ac' has long been preferred.
Flavors: r-devel-windows-ix86+x86_64, r-patched-solaris-x86, r-release-windows-ix86+x86_64, r-release-osx-x86_64