Last updated on 2019-10-31 00:51:06 CET.
Flavor | Version | Tinstall | Tcheck | Ttotal | Status | Flags |
---|---|---|---|---|---|---|
r-devel-linux-x86_64-debian-clang | 0.9.13 | 11.77 | 70.36 | 82.13 | OK | |
r-devel-linux-x86_64-debian-gcc | 0.9.13 | 9.29 | 53.31 | 62.60 | OK | |
r-devel-linux-x86_64-fedora-clang | 0.9.13 | 108.28 | OK | |||
r-devel-linux-x86_64-fedora-gcc | 0.9.13 | 102.82 | OK | |||
r-devel-windows-ix86+x86_64 | 0.9.13 | 27.00 | 120.00 | 147.00 | OK | |
r-patched-linux-x86_64 | 0.9.13 | 11.20 | 66.43 | 77.63 | OK | |
r-patched-solaris-x86 | 0.9.13 | 138.10 | OK | |||
r-release-linux-x86_64 | 0.9.13 | 11.95 | 67.01 | 78.96 | OK | |
r-release-windows-ix86+x86_64 | 0.9.13 | 25.00 | 103.00 | 128.00 | OK | |
r-release-osx-x86_64 | 0.9.13 | FAIL | ||||
r-oldrel-windows-ix86+x86_64 | 0.9.13 | 11.00 | 117.00 | 128.00 | OK | |
r-oldrel-osx-x86_64 | 0.9.13 | OK |
Version: 0.9.13
Check: whether package can be installed
Result: FAIL
Flavor: r-release-osx-x86_64