CRAN Package Check Results for Package RSEIS

Last updated on 2019-10-31 00:51:06 CET.

Flavor Version Tinstall Tcheck Ttotal Status Flags
r-devel-linux-x86_64-debian-clang 3.9-0 26.90 136.25 163.15 OK
r-devel-linux-x86_64-debian-gcc 3.9-0 21.89 102.18 124.07 OK
r-devel-linux-x86_64-fedora-clang 3.9-0 193.49 OK
r-devel-linux-x86_64-fedora-gcc 3.9-0 193.62 OK
r-devel-windows-ix86+x86_64 3.9-0 47.00 199.00 246.00 OK
r-patched-linux-x86_64 3.9-0 23.39 132.02 155.41 OK
r-patched-solaris-x86 3.9-0 235.50 WARN
r-release-linux-x86_64 3.9-0 25.27 133.65 158.92 OK
r-release-windows-ix86+x86_64 3.9-0 91.00 265.00 356.00 OK
r-release-osx-x86_64 3.9-0 WARN
r-oldrel-windows-ix86+x86_64 3.9-0 60.00 170.00 230.00 OK
r-oldrel-osx-x86_64 3.9-0 WARN

Check Details

Version: 3.9-0
Check: for executable files
Result: WARN
    Found the following executable file:
     data/GH.RData
    Source packages should not contain undeclared executable files.
    See section ‘Package structure’ in the ‘Writing R Extensions’ manual.
Flavors: r-patched-solaris-x86, r-release-osx-x86_64, r-oldrel-osx-x86_64