CRAN Package Check Results for Package RSpectra

Last updated on 2019-10-31 00:51:07 CET.

Flavor Version Tinstall Tcheck Ttotal Status Flags
r-devel-linux-x86_64-debian-clang 0.15-0 164.23 58.89 223.12 OK
r-devel-linux-x86_64-debian-gcc 0.15-0 168.78 50.47 219.25 OK
r-devel-linux-x86_64-fedora-clang 0.15-0 316.67 NOTE
r-devel-linux-x86_64-fedora-gcc 0.15-0 366.02 OK
r-devel-windows-ix86+x86_64 0.15-0 344.00 138.00 482.00 OK
r-patched-linux-x86_64 0.15-0 176.49 61.21 237.70 OK
r-patched-solaris-x86 0.15-0 297.70 OK
r-release-linux-x86_64 0.15-0 176.47 60.25 236.72 OK
r-release-windows-ix86+x86_64 0.15-0 342.00 131.00 473.00 OK
r-release-osx-x86_64 0.15-0 NOTE
r-oldrel-windows-ix86+x86_64 0.15-0 232.00 136.00 368.00 OK
r-oldrel-osx-x86_64 0.15-0 NOTE

Check Details

Version: 0.15-0
Check: installed package size
Result: NOTE
     installed size is 44.1Mb
     sub-directories of 1Mb or more:
     libs 43.4Mb
Flavors: r-devel-linux-x86_64-fedora-clang, r-release-osx-x86_64, r-oldrel-osx-x86_64