CRAN Package Check Results for Package RStoolbox

Last updated on 2019-10-31 00:51:07 CET.

Flavor Version Tinstall Tcheck Ttotal Status Flags
r-devel-linux-x86_64-debian-clang 0.2.6 135.33 362.38 497.71 OK
r-devel-linux-x86_64-debian-gcc 0.2.6 92.50 269.05 361.55 OK
r-devel-linux-x86_64-fedora-clang 0.2.6 605.16 NOTE
r-devel-linux-x86_64-fedora-gcc 0.2.6 586.57 OK
r-devel-windows-ix86+x86_64 0.2.6 314.00 758.00 1072.00 OK
r-patched-linux-x86_64 0.2.6 100.16 341.05 441.21 OK
r-patched-solaris-x86 0.2.6 727.00 OK
r-release-linux-x86_64 0.2.6 100.89 335.99 436.88 OK
r-release-windows-ix86+x86_64 0.2.6 307.00 624.00 931.00 OK
r-release-osx-x86_64 0.2.6 OK
r-oldrel-windows-ix86+x86_64 0.2.6 329.00 762.00 1091.00 OK
r-oldrel-osx-x86_64 0.2.6 OK

Check Details

Version: 0.2.6
Check: installed package size
Result: NOTE
     installed size is 5.4Mb
     sub-directories of 1Mb or more:
     libs 4.0Mb
Flavor: r-devel-linux-x86_64-fedora-clang