CRAN Package Check Results for Package RaceID

Last updated on 2019-10-31 00:51:05 CET.

Flavor Version Tinstall Tcheck Ttotal Status Flags
r-devel-linux-x86_64-debian-clang 0.1.5 43.03 810.49 853.52 OK
r-devel-linux-x86_64-debian-gcc 0.1.5 32.98 571.30 604.28 OK
r-devel-linux-x86_64-fedora-clang 0.1.5 1113.72 NOTE
r-devel-linux-x86_64-fedora-gcc 0.1.5 1088.77 NOTE
r-devel-windows-ix86+x86_64 0.1.5 117.00 1176.00 1293.00 NOTE
r-patched-linux-x86_64 0.1.5 38.02 755.59 793.61 OK
r-patched-solaris-x86 0.1.5 1694.20 NOTE
r-release-linux-x86_64 0.1.5 36.30 777.40 813.70 OK
r-release-windows-ix86+x86_64 0.1.5 121.00 954.00 1075.00 NOTE
r-release-osx-x86_64 0.1.5 NOTE
r-oldrel-windows-ix86+x86_64 0.1.5 68.00 1184.00 1252.00 NOTE
r-oldrel-osx-x86_64 0.1.5 NOTE

Check Details

Version: 0.1.5
Check: package dependencies
Result: NOTE
    Package suggested but not available for checking: ‘scran’
Flavors: r-devel-linux-x86_64-fedora-clang, r-devel-linux-x86_64-fedora-gcc, r-patched-solaris-x86, r-oldrel-osx-x86_64

Version: 0.1.5
Check: installed package size
Result: NOTE
     installed size is 10.4Mb
     sub-directories of 1Mb or more:
     data 2.1Mb
     doc 6.7Mb
Flavors: r-devel-linux-x86_64-fedora-clang, r-devel-windows-ix86+x86_64, r-patched-solaris-x86, r-release-windows-ix86+x86_64, r-release-osx-x86_64, r-oldrel-windows-ix86+x86_64, r-oldrel-osx-x86_64

Version: 0.1.5
Check: package dependencies
Result: NOTE
    Packages suggested but not available for checking:
     'DESeq2', 'destiny', 'scran'
Flavor: r-release-osx-x86_64