CRAN Package Check Results for Package RcmdrPlugin.BiclustGUI

Last updated on 2019-10-31 00:51:05 CET.

Flavor Version Tinstall Tcheck Ttotal Status Flags
r-devel-linux-x86_64-debian-clang 1.1.1 49.30 307.10 356.40 NOTE
r-devel-linux-x86_64-debian-gcc 1.1.1 39.33 235.16 274.49 NOTE
r-devel-linux-x86_64-fedora-clang 1.1.1 448.05 NOTE
r-devel-linux-x86_64-fedora-gcc 1.1.1 409.47 NOTE
r-devel-windows-ix86+x86_64 1.1.1 137.00 426.00 563.00 NOTE
r-patched-linux-x86_64 1.1.1 43.25 293.38 336.63 NOTE
r-patched-solaris-x86 1.1.1 634.70 NOTE
r-release-linux-x86_64 1.1.1 46.44 292.85 339.29 NOTE
r-release-windows-ix86+x86_64 1.1.1 135.00 279.00 414.00 NOTE
r-release-osx-x86_64 1.1.1 WARN
r-oldrel-windows-ix86+x86_64 1.1.1 130.00 442.00 572.00 NOTE
r-oldrel-osx-x86_64 1.1.1 NOTE

Check Details

Version: 1.1.1
Check: package dependencies
Result: NOTE
    Depends: includes the non-default packages:
     'biclust', 'fabia', 'iBBiG', 'superbiclust', 'BcDiag', 'rqubic',
     'BicARE', 's4vd', 'BiBitR'
    Adding so many packages to the search path is excessive and importing
    selectively is preferable.
Flavors: r-devel-linux-x86_64-debian-clang, r-devel-linux-x86_64-debian-gcc, r-devel-linux-x86_64-fedora-clang, r-devel-linux-x86_64-fedora-gcc, r-devel-windows-ix86+x86_64, r-patched-linux-x86_64, r-patched-solaris-x86, r-release-linux-x86_64, r-release-windows-ix86+x86_64, r-release-osx-x86_64

Version: 1.1.1
Check: whether package can be installed
Result: WARN
    Found the following significant warnings:
     Warning: package ‘AnnotationDbi’ was built under R version 3.6.1
     Warning: package ‘IRanges’ was built under R version 3.6.1
     Warning: package ‘S4Vectors’ was built under R version 3.6.1
Flavor: r-release-osx-x86_64

Version: 1.1.1
Check: dependencies in R code
Result: NOTE
    No protocol specified
    No protocol specified
Flavor: r-release-osx-x86_64

Version: 1.1.1
Check: S3 generic/method consistency
Result: WARN
    No protocol specified
    No protocol specified
    See section ‘Generic functions and methods’ in the ‘Writing R
    Extensions’ manual.
Flavor: r-release-osx-x86_64

Version: 1.1.1
Check: replacement functions
Result: WARN
    No protocol specified
    No protocol specified
    The argument of a replacement function which corresponds to the right
    hand side must be named ‘value’.
Flavor: r-release-osx-x86_64

Version: 1.1.1
Check: foreign function calls
Result: NOTE
    No protocol specified
    No protocol specified
    See chapter ‘System and foreign language interfaces’ in the ‘Writing R
    Extensions’ manual.
Flavor: r-release-osx-x86_64

Version: 1.1.1
Check: R code for possible problems
Result: NOTE
    No protocol specified
    No protocol specified
Flavor: r-release-osx-x86_64

Version: 1.1.1
Check: for missing documentation entries
Result: WARN
    No protocol specified
    No protocol specified
    All user-level objects in a package should have documentation entries.
    See chapter ‘Writing R documentation files’ in the ‘Writing R
    Extensions’ manual.
Flavor: r-release-osx-x86_64

Version: 1.1.1
Check: for code/documentation mismatches
Result: WARN
    No protocol specified
    No protocol specified
    No protocol specified
    No protocol specified
    No protocol specified
    No protocol specified
Flavor: r-release-osx-x86_64

Version: 1.1.1
Check: Rd \usage sections
Result: NOTE
    No protocol specified
    No protocol specified
    The \usage entries for S3 methods should use the \method markup and not
    their full name.
    See chapter ‘Writing R documentation files’ in the ‘Writing R
    Extensions’ manual.
Flavor: r-release-osx-x86_64

Version: 1.1.1
Check: package dependencies
Result: NOTE
    Depends: includes the non-default packages:
     'biclust' 'fabia' 'iBBiG' 'superbiclust' 'BcDiag' 'rqubic' 'BicARE'
     's4vd' 'BiBitR'
    Adding so many packages to the search path is excessive and importing
    selectively is preferable.
Flavors: r-oldrel-windows-ix86+x86_64, r-oldrel-osx-x86_64