CRAN Package Check Results for Package RcmdrPlugin.NMBU

Last updated on 2019-10-31 00:51:05 CET.

Flavor Version Tinstall Tcheck Ttotal Status Flags
r-devel-linux-x86_64-debian-clang 1.8.11 24.04 129.66 153.70 OK
r-devel-linux-x86_64-debian-gcc 1.8.11 20.64 100.03 120.67 OK
r-devel-linux-x86_64-fedora-clang 1.8.11 211.05 OK
r-devel-linux-x86_64-fedora-gcc 1.8.11 188.74 OK
r-devel-windows-ix86+x86_64 1.8.11 77.00 227.00 304.00 OK
r-patched-linux-x86_64 1.8.11 22.93 125.59 148.52 OK
r-patched-solaris-x86 1.8.11 300.70 OK
r-release-linux-x86_64 1.8.11 22.77 125.76 148.53 OK
r-release-windows-ix86+x86_64 1.8.11 77.00 133.00 210.00 OK
r-release-osx-x86_64 1.8.11 WARN
r-oldrel-windows-ix86+x86_64 1.8.11 68.00 224.00 292.00 OK
r-oldrel-osx-x86_64 1.8.11 WARN

Check Details

Version: 1.8.11
Check: dependencies in R code
Result: NOTE
    No protocol specified
    No protocol specified
Flavors: r-release-osx-x86_64, r-oldrel-osx-x86_64

Version: 1.8.11
Check: S3 generic/method consistency
Result: WARN
    No protocol specified
    No protocol specified
    See section ‘Generic functions and methods’ in the ‘Writing R
    Extensions’ manual.
Flavors: r-release-osx-x86_64, r-oldrel-osx-x86_64

Version: 1.8.11
Check: replacement functions
Result: WARN
    No protocol specified
    No protocol specified
    The argument of a replacement function which corresponds to the right
    hand side must be named ‘value’.
Flavors: r-release-osx-x86_64, r-oldrel-osx-x86_64

Version: 1.8.11
Check: foreign function calls
Result: NOTE
    No protocol specified
    No protocol specified
    See chapter ‘System and foreign language interfaces’ in the ‘Writing R
    Extensions’ manual.
Flavors: r-release-osx-x86_64, r-oldrel-osx-x86_64

Version: 1.8.11
Check: R code for possible problems
Result: NOTE
    No protocol specified
    No protocol specified
Flavors: r-release-osx-x86_64, r-oldrel-osx-x86_64

Version: 1.8.11
Check: for missing documentation entries
Result: WARN
    No protocol specified
    No protocol specified
    All user-level objects in a package should have documentation entries.
    See chapter ‘Writing R documentation files’ in the ‘Writing R
    Extensions’ manual.
Flavors: r-release-osx-x86_64, r-oldrel-osx-x86_64

Version: 1.8.11
Check: for code/documentation mismatches
Result: WARN
    No protocol specified
    No protocol specified
    No protocol specified
    No protocol specified
    No protocol specified
    No protocol specified
Flavors: r-release-osx-x86_64, r-oldrel-osx-x86_64

Version: 1.8.11
Check: Rd \usage sections
Result: NOTE
    No protocol specified
    No protocol specified
    The \usage entries for S3 methods should use the \method markup and not
    their full name.
    See chapter ‘Writing R documentation files’ in the ‘Writing R
    Extensions’ manual.
Flavors: r-release-osx-x86_64, r-oldrel-osx-x86_64