Last updated on 2019-10-31 00:51:06 CET.
Flavor | Version | Tinstall | Tcheck | Ttotal | Status | Flags |
---|---|---|---|---|---|---|
r-devel-linux-x86_64-debian-clang | 0.0.2 | 39.59 | 56.18 | 95.77 | OK | |
r-devel-linux-x86_64-debian-gcc | 0.0.2 | 28.52 | 41.57 | 70.09 | OK | |
r-devel-linux-x86_64-fedora-clang | 0.0.2 | 121.55 | OK | |||
r-devel-linux-x86_64-fedora-gcc | 0.0.2 | 113.51 | OK | |||
r-devel-windows-ix86+x86_64 | 0.0.2 | 95.00 | 131.00 | 226.00 | OK | |
r-patched-linux-x86_64 | 0.0.2 | 30.44 | 52.78 | 83.22 | OK | |
r-patched-solaris-x86 | 0.0.2 | 135.70 | OK | |||
r-release-linux-x86_64 | 0.0.2 | 30.64 | 52.38 | 83.02 | OK | |
r-release-windows-ix86+x86_64 | 0.0.2 | 85.00 | 122.00 | 207.00 | OK | |
r-release-osx-x86_64 | 0.0.1 | OK | ||||
r-oldrel-osx-x86_64 | 0.0.1 | ERROR |
Version: 0.0.1
Check: whether package can be installed
Result: ERROR
Installation failed.
Flavor: r-oldrel-osx-x86_64