Last updated on 2019-10-31 00:51:06 CET.
Flavor | Version | Tinstall | Tcheck | Ttotal | Status | Flags |
---|---|---|---|---|---|---|
r-devel-linux-x86_64-debian-clang | 0.2-6 | 122.63 | 24.40 | 147.03 | OK | |
r-devel-linux-x86_64-debian-gcc | 0.2-6 | 74.26 | 19.23 | 93.49 | OK | |
r-devel-linux-x86_64-fedora-clang | 0.2-6 | 234.27 | NOTE | |||
r-devel-linux-x86_64-fedora-gcc | 0.2-6 | 169.98 | OK | |||
r-devel-windows-ix86+x86_64 | 0.2-6 | 333.00 | 95.00 | 428.00 | OK | |
r-patched-linux-x86_64 | 0.2-6 | 82.96 | 23.18 | 106.14 | OK | |
r-patched-solaris-x86 | 0.2-6 | 171.40 | OK | |||
r-release-linux-x86_64 | 0.2-6 | 87.69 | 23.55 | 111.24 | OK | |
r-release-windows-ix86+x86_64 | 0.2-6 | 327.00 | 60.00 | 387.00 | OK | |
r-release-osx-x86_64 | 0.2-6 | NOTE | ||||
r-oldrel-windows-ix86+x86_64 | 0.2-6 | 251.00 | 86.00 | 337.00 | OK | |
r-oldrel-osx-x86_64 | 0.2-6 | NOTE |
Version: 0.2-6
Check: installed package size
Result: NOTE
installed size is 7.4Mb
sub-directories of 1Mb or more:
libs 7.2Mb
Flavors: r-devel-linux-x86_64-fedora-clang, r-release-osx-x86_64, r-oldrel-osx-x86_64