Last updated on 2019-10-31 00:51:06 CET.
Flavor | Version | Tinstall | Tcheck | Ttotal | Status | Flags |
---|---|---|---|---|---|---|
r-devel-linux-x86_64-debian-clang | 1.3.5 | 1.96 | 17.04 | 19.00 | NOTE | --no-examples --no-tests --no-vignettes |
r-devel-linux-x86_64-debian-gcc | 1.3.5 | 1.49 | 14.03 | 15.52 | NOTE | --no-examples --no-tests --no-vignettes |
r-devel-linux-x86_64-fedora-clang | 1.3.5 | 25.27 | OK | |||
r-devel-linux-x86_64-fedora-gcc | 1.3.5 | 24.44 | OK | |||
r-devel-windows-ix86+x86_64 | 1.3.5 | 7.00 | 40.00 | 47.00 | OK | |
r-patched-linux-x86_64 | 1.3.5 | 1.45 | 16.60 | 18.05 | NOTE | --no-examples --no-tests --no-vignettes |
r-release-linux-x86_64 | 1.3.5 | 1.67 | 16.54 | 18.21 | NOTE | --no-examples --no-tests --no-vignettes |
r-release-windows-ix86+x86_64 | 1.3.5 | 8.00 | 29.00 | 37.00 | OK | |
r-release-osx-x86_64 | 1.3.5 | OK | ||||
r-oldrel-windows-ix86+x86_64 | 1.3.5 | 3.00 | 42.00 | 45.00 | OK | |
r-oldrel-osx-x86_64 | 1.3.5 | OK |
Version: 1.3.5
Flags: --no-examples --no-tests --no-vignettes
Check: R code for possible problems
Result: NOTE
Found the following calls to attach():
File 'Rmosek/R/builder.R':
attach(builderenv, pos, name, warn.conflicts)
See section 'Good practice' in '?attach'.
Flavors: r-devel-linux-x86_64-debian-clang, r-devel-linux-x86_64-debian-gcc, r-patched-linux-x86_64, r-release-linux-x86_64