CRAN Package Check Results for Package RxnSim

Last updated on 2019-10-31 00:51:07 CET.

Flavor Version Tinstall Tcheck Ttotal Status Flags
r-devel-linux-x86_64-debian-clang 1.0.3 7.72 57.03 64.75 OK
r-devel-linux-x86_64-debian-gcc 1.0.3 5.51 42.63 48.14 OK
r-devel-linux-x86_64-fedora-clang 1.0.3 77.84 OK
r-devel-linux-x86_64-fedora-gcc 1.0.3 70.06 OK
r-devel-windows-ix86+x86_64 1.0.3 11.00 7.00 18.00 ERROR
r-patched-linux-x86_64 1.0.3 7.47 54.26 61.73 OK
r-release-linux-x86_64 1.0.3 5.98 54.48 60.46 OK
r-release-windows-ix86+x86_64 1.0.3 20.00 55.00 75.00 OK
r-release-osx-x86_64 1.0.3 OK
r-oldrel-windows-ix86+x86_64 1.0.3 7.00 81.00 88.00 OK
r-oldrel-osx-x86_64 1.0.3 OK

Check Details

Version: 1.0.3
Check: whether package can be installed
Result: ERROR
    Installation failed.
Flavor: r-devel-windows-ix86+x86_64