Last updated on 2019-10-31 00:51:08 CET.
Flavor | Version | Tinstall | Tcheck | Ttotal | Status | Flags |
---|---|---|---|---|---|---|
r-devel-linux-x86_64-debian-clang | 1.0 | 4.06 | 61.46 | 65.52 | OK | |
r-devel-linux-x86_64-debian-gcc | 1.0 | 4.16 | 44.83 | 48.99 | OK | |
r-devel-linux-x86_64-fedora-clang | 1.0 | 76.76 | OK | |||
r-devel-linux-x86_64-fedora-gcc | 1.0 | 76.72 | OK | |||
r-devel-windows-ix86+x86_64 | 1.0 | 15.00 | 104.00 | 119.00 | OK | |
r-patched-linux-x86_64 | 1.0 | 3.65 | 58.92 | 62.57 | OK | |
r-patched-solaris-x86 | 1.0 | 111.40 | OK | |||
r-release-linux-x86_64 | 1.0 | 4.33 | 59.63 | 63.96 | OK | |
r-release-windows-ix86+x86_64 | 1.0 | 15.00 | 74.00 | 89.00 | OK | |
r-release-osx-x86_64 | 1.0 | OK | ||||
r-oldrel-osx-x86_64 | 1.0 | ERROR |
Version: 1.0
Check: whether package can be installed
Result: ERROR
Installation failed.
Flavor: r-oldrel-osx-x86_64