CRAN Package Check Results for Package SWMPrExtension

Last updated on 2019-10-31 00:51:09 CET.

Flavor Version Tinstall Tcheck Ttotal Status Flags
r-devel-linux-x86_64-debian-clang 1.1.1 20.66 146.70 167.36 OK
r-devel-linux-x86_64-debian-gcc 1.1.1 18.79 109.82 128.61 OK
r-devel-linux-x86_64-fedora-clang 1.1.1 198.41 NOTE
r-devel-linux-x86_64-fedora-gcc 1.1.1 192.44 NOTE
r-devel-windows-ix86+x86_64 1.1.1 67.00 266.00 333.00 OK
r-patched-linux-x86_64 1.1.1 17.84 134.84 152.68 OK
r-patched-solaris-x86 1.1.1 330.00 NOTE
r-release-linux-x86_64 1.1.1 19.70 135.84 155.54 OK
r-release-windows-ix86+x86_64 1.1.1 68.00 164.00 232.00 OK
r-release-osx-x86_64 1.1.1 NOTE
r-oldrel-windows-ix86+x86_64 1.1.1 46.00 239.00 285.00 OK
r-oldrel-osx-x86_64 1.1.1 NOTE

Check Details

Version: 1.1.1
Check: dependencies in R code
Result: NOTE
    Namespace in Imports field not imported from: ‘rgeos’
     All declared Imports should be used.
Flavors: r-devel-linux-x86_64-fedora-clang, r-devel-linux-x86_64-fedora-gcc, r-patched-solaris-x86, r-release-osx-x86_64, r-oldrel-osx-x86_64