Last updated on 2019-10-31 00:51:08 CET.
Flavor | Version | Tinstall | Tcheck | Ttotal | Status | Flags |
---|---|---|---|---|---|---|
r-devel-linux-x86_64-debian-clang | 1.0.0 | 5.21 | 42.55 | 47.76 | OK | |
r-devel-linux-x86_64-debian-gcc | 1.0.0 | 4.89 | 33.07 | 37.96 | OK | |
r-devel-linux-x86_64-fedora-clang | 1.0.0 | 62.67 | NOTE | |||
r-devel-linux-x86_64-fedora-gcc | 1.0.0 | 55.38 | NOTE | |||
r-devel-windows-ix86+x86_64 | 1.0.0 | 28.00 | 95.00 | 123.00 | OK | |
r-patched-linux-x86_64 | 1.0.0 | 4.81 | 40.55 | 45.36 | OK | |
r-patched-solaris-x86 | 1.0.0 | 85.90 | NOTE | |||
r-release-linux-x86_64 | 1.0.0 | 4.46 | 40.95 | 45.41 | OK | |
r-release-windows-ix86+x86_64 | 1.0.0 | 24.00 | 54.00 | 78.00 | OK | |
r-release-osx-x86_64 | 1.0.0 | NOTE | ||||
r-oldrel-windows-ix86+x86_64 | 1.0.0 | 6.00 | 79.00 | 85.00 | OK | |
r-oldrel-osx-x86_64 | 1.0.0 | NOTE |
Version: 1.0.0
Check: dependencies in R code
Result: NOTE
Namespace in Imports field not imported from: ‘metafor’
All declared Imports should be used.
Flavors: r-devel-linux-x86_64-fedora-clang, r-devel-linux-x86_64-fedora-gcc, r-patched-solaris-x86, r-release-osx-x86_64, r-oldrel-osx-x86_64