CRAN Package Check Results for Package SnowballC

Last updated on 2019-10-31 00:51:08 CET.

Flavor Version Tinstall Tcheck Ttotal Status Flags
r-devel-linux-x86_64-debian-clang 0.6.0 8.49 18.90 27.39 OK
r-devel-linux-x86_64-debian-gcc 0.6.0 4.86 15.33 20.19 OK
r-devel-linux-x86_64-fedora-clang 0.6.0 32.75 NOTE
r-devel-linux-x86_64-fedora-gcc 0.6.0 30.84 NOTE
r-devel-windows-ix86+x86_64 0.6.0 37.00 38.00 75.00 OK
r-patched-linux-x86_64 0.6.0 5.31 18.52 23.83 OK
r-patched-solaris-x86 0.6.0 55.40 OK
r-release-linux-x86_64 0.6.0 4.87 18.62 23.49 OK
r-release-windows-ix86+x86_64 0.6.0 29.00 50.00 79.00 OK
r-release-osx-x86_64 0.6.0 OK
r-oldrel-windows-ix86+x86_64 0.6.0 27.00 37.00 64.00 OK
r-oldrel-osx-x86_64 0.6.0 OK

Check Details

Version: 0.6.0
Check: compiled code
Result: NOTE
    File ‘SnowballC/libs/SnowballC.so’:
     Found no calls to: ‘R_registerRoutines’, ‘R_useDynamicSymbols’
    
    It is good practice to register native routines and to disable symbol
    search.
    
    See ‘Writing portable packages’ in the ‘Writing R Extensions’ manual.
Flavors: r-devel-linux-x86_64-fedora-clang, r-devel-linux-x86_64-fedora-gcc