CRAN Package Check Results for Package SoyNAM

Last updated on 2019-10-31 00:51:08 CET.

Flavor Version Tinstall Tcheck Ttotal Status Flags
r-devel-linux-x86_64-debian-clang 1.6 7.89 74.24 82.13 OK
r-devel-linux-x86_64-debian-gcc 1.6 6.92 59.36 66.28 OK
r-devel-linux-x86_64-fedora-clang 1.6 101.17 NOTE
r-devel-linux-x86_64-fedora-gcc 1.6 101.20 OK
r-devel-windows-ix86+x86_64 1.6 24.00 116.00 140.00 NOTE
r-patched-linux-x86_64 1.6 7.37 71.87 79.24 OK
r-patched-solaris-x86 1.6 172.20 NOTE
r-release-linux-x86_64 1.6 7.78 71.65 79.43 OK
r-release-windows-ix86+x86_64 1.6 24.00 77.00 101.00 NOTE
r-release-osx-x86_64 1.6 NOTE
r-oldrel-windows-ix86+x86_64 1.6 9.00 103.00 112.00 NOTE
r-oldrel-osx-x86_64 1.6 NOTE

Check Details

Version: 1.6
Check: installed package size
Result: NOTE
     installed size is 5.3Mb
     sub-directories of 1Mb or more:
     data 5.2Mb
Flavors: r-devel-linux-x86_64-fedora-clang, r-devel-windows-ix86+x86_64, r-patched-solaris-x86, r-release-windows-ix86+x86_64, r-release-osx-x86_64, r-oldrel-windows-ix86+x86_64, r-oldrel-osx-x86_64