Last updated on 2019-10-31 00:51:08 CET.
Flavor | Version | Tinstall | Tcheck | Ttotal | Status | Flags |
---|---|---|---|---|---|---|
r-devel-linux-x86_64-debian-clang | 0.1.0 | 34.48 | 58.52 | 93.00 | OK | |
r-devel-linux-x86_64-debian-gcc | 0.1.0 | 22.92 | 44.14 | 67.06 | OK | |
r-devel-linux-x86_64-fedora-clang | 0.1.0 | 113.59 | NOTE | |||
r-devel-linux-x86_64-fedora-gcc | 0.1.0 | 109.64 | NOTE | |||
r-devel-windows-ix86+x86_64 | 0.1.0 | 81.00 | 154.00 | 235.00 | OK | |
r-patched-linux-x86_64 | 0.1.0 | 25.51 | 54.94 | 80.45 | OK | |
r-patched-solaris-x86 | 0.1.0 | 134.10 | OK | |||
r-release-linux-x86_64 | 0.1.0 | 26.33 | 54.85 | 81.18 | OK | |
r-release-windows-ix86+x86_64 | 0.1.0 | 76.00 | 108.00 | 184.00 | OK | |
r-release-osx-x86_64 | 0.1.0 | OK | ||||
r-oldrel-windows-ix86+x86_64 | 0.1.0 | 46.00 | 148.00 | 194.00 | OK | |
r-oldrel-osx-x86_64 | 0.1.0 | OK |
Version: 0.1.0
Check: compiled code
Result: NOTE
File ‘SpaCCr/libs/SpaCCr.so’:
Found no calls to: ‘R_registerRoutines’, ‘R_useDynamicSymbols’
It is good practice to register native routines and to disable symbol
search.
See ‘Writing portable packages’ in the ‘Writing R Extensions’ manual.
Flavors: r-devel-linux-x86_64-fedora-clang, r-devel-linux-x86_64-fedora-gcc