Last updated on 2019-10-31 00:51:08 CET.
Flavor | Version | Tinstall | Tcheck | Ttotal | Status | Flags |
---|---|---|---|---|---|---|
r-devel-linux-x86_64-debian-clang | 0.1.2 | 17.82 | 152.55 | 170.37 | OK | |
r-devel-linux-x86_64-debian-gcc | 0.1.2 | 17.89 | 118.28 | 136.17 | OK | |
r-devel-linux-x86_64-fedora-clang | 0.1.2 | 208.14 | NOTE | |||
r-devel-linux-x86_64-fedora-gcc | 0.1.2 | 207.05 | NOTE | |||
r-devel-windows-ix86+x86_64 | 0.1.2 | 65.00 | 232.00 | 297.00 | OK | |
r-patched-linux-x86_64 | 0.1.2 | 17.06 | 145.06 | 162.12 | OK | |
r-patched-solaris-x86 | 0.1.2 | 335.30 | NOTE | |||
r-release-linux-x86_64 | 0.1.2 | 16.99 | 144.87 | 161.86 | OK | |
r-release-windows-ix86+x86_64 | 0.1.2 | 72.00 | 151.00 | 223.00 | OK | |
r-release-osx-x86_64 | 0.1.2 | NOTE | ||||
r-oldrel-windows-ix86+x86_64 | 0.1.2 | 33.00 | 214.00 | 247.00 | OK | |
r-oldrel-osx-x86_64 | 0.1.2 | NOTE |
Version: 0.1.2
Check: dependencies in R code
Result: NOTE
Namespaces in Imports field not imported from:
‘devtools’ ‘rstudioapi’
All declared Imports should be used.
Flavors: r-devel-linux-x86_64-fedora-clang, r-devel-linux-x86_64-fedora-gcc, r-patched-solaris-x86, r-release-osx-x86_64, r-oldrel-osx-x86_64