Last updated on 2019-10-31 00:51:08 CET.
Flavor | Version | Tinstall | Tcheck | Ttotal | Status | Flags |
---|---|---|---|---|---|---|
r-devel-linux-x86_64-debian-clang | 1.0 | 62.66 | 51.31 | 113.97 | OK | |
r-devel-linux-x86_64-debian-gcc | 1.0 | 45.40 | 39.03 | 84.43 | OK | |
r-devel-linux-x86_64-fedora-clang | 1.0 | 150.79 | NOTE | |||
r-devel-linux-x86_64-fedora-gcc | 1.0 | 146.29 | NOTE | |||
r-devel-windows-ix86+x86_64 | 1.0 | 154.00 | 123.00 | 277.00 | OK | |
r-patched-linux-x86_64 | 1.0 | 48.64 | 47.42 | 96.06 | OK | |
r-patched-solaris-x86 | 1.0 | 150.00 | OK | |||
r-release-linux-x86_64 | 1.0 | 50.98 | 47.87 | 98.85 | OK | |
r-release-windows-ix86+x86_64 | 1.0 | 156.00 | 89.00 | 245.00 | OK | |
r-release-osx-x86_64 | 1.0 | OK | ||||
r-oldrel-windows-ix86+x86_64 | 1.0 | 94.00 | 112.00 | 206.00 | OK | |
r-oldrel-osx-x86_64 | 1.0 | OK |
Version: 1.0
Check: compiled code
Result: NOTE
File ‘SparseFactorAnalysis/libs/SparseFactorAnalysis.so’:
Found no calls to: ‘R_registerRoutines’, ‘R_useDynamicSymbols’
It is good practice to register native routines and to disable symbol
search.
See ‘Writing portable packages’ in the ‘Writing R Extensions’ manual.
Flavors: r-devel-linux-x86_64-fedora-clang, r-devel-linux-x86_64-fedora-gcc