CRAN Package Check Results for Package SpatialExtremes

Last updated on 2019-10-31 00:51:08 CET.

Flavor Version Tinstall Tcheck Ttotal Status Flags
r-devel-linux-x86_64-debian-clang 2.0-7.2 35.49 144.01 179.50 OK
r-devel-linux-x86_64-debian-gcc 2.0-7.2 27.37 103.51 130.88 WARN
r-devel-linux-x86_64-fedora-clang 2.0-7.2 215.09 OK
r-devel-linux-x86_64-fedora-gcc 2.0-7.2 210.99 WARN
r-devel-windows-ix86+x86_64 2.0-7.2 100.00 285.00 385.00 OK
r-patched-linux-x86_64 2.0-7.2 30.61 137.72 168.33 OK
r-patched-solaris-x86 2.0-7.2 306.60 OK
r-release-linux-x86_64 2.0-7.2 27.74 138.50 166.24 OK
r-release-windows-ix86+x86_64 2.0-7.2 106.00 224.00 330.00 OK
r-release-osx-x86_64 2.0-7.2 OK
r-oldrel-windows-ix86+x86_64 2.0-7.2 75.00 280.00 355.00 OK
r-oldrel-osx-x86_64 2.0-7.2 OK

Check Details

Version: 2.0-7.2
Check: whether package can be installed
Result: WARN
    Found the following significant warnings:
     fft.c:138:9: warning: array subscript -1 is outside array bounds of ā€˜int[15]ā€™ [-Warray-bounds]
Flavors: r-devel-linux-x86_64-debian-gcc, r-devel-linux-x86_64-fedora-gcc