Last updated on 2019-10-31 00:51:08 CET.
Flavor | Version | Tinstall | Tcheck | Ttotal | Status | Flags |
---|---|---|---|---|---|---|
r-devel-linux-x86_64-debian-clang | 0.6-5 | 25.59 | 200.38 | 225.97 | OK | |
r-devel-linux-x86_64-debian-gcc | 0.6-5 | 19.82 | 150.84 | 170.66 | OK | |
r-devel-linux-x86_64-fedora-clang | 0.6-5 | 265.16 | OK | |||
r-devel-linux-x86_64-fedora-gcc | 0.6-5 | 262.27 | OK | |||
r-devel-windows-ix86+x86_64 | 0.6-5 | 56.00 | 310.00 | 366.00 | OK | |
r-patched-linux-x86_64 | 0.6-5 | 24.20 | 189.74 | 213.94 | OK | |
r-patched-solaris-x86 | 0.6-5 | 399.30 | NOTE | |||
r-release-linux-x86_64 | 0.6-5 | 21.23 | 189.15 | 210.38 | OK | |
r-release-windows-ix86+x86_64 | 0.6-5 | 58.00 | 201.00 | 259.00 | OK | |
r-release-osx-x86_64 | 0.6-5 | OK | ||||
r-oldrel-windows-ix86+x86_64 | 0.6-5 | 25.00 | 239.00 | 264.00 | OK | |
r-oldrel-osx-x86_64 | 0.6-5 | OK |
Version: 0.6-5
Check: installed package size
Result: NOTE
installed size is 5.1Mb
sub-directories of 1Mb or more:
data 3.6Mb
Flavor: r-patched-solaris-x86