Last updated on 2019-10-31 00:51:08 CET.
Flavor | Version | Tinstall | Tcheck | Ttotal | Status | Flags |
---|---|---|---|---|---|---|
r-devel-linux-x86_64-debian-clang | 2.0-1 | 4.31 | 25.52 | 29.83 | NOTE | |
r-devel-linux-x86_64-debian-gcc | 2.0-1 | 3.59 | 20.48 | 24.07 | NOTE | |
r-devel-linux-x86_64-fedora-clang | 2.0-1 | 35.91 | NOTE | |||
r-devel-linux-x86_64-fedora-gcc | 2.0-1 | 35.78 | NOTE | |||
r-devel-windows-ix86+x86_64 | 2.0-1 | 10.00 | 56.00 | 66.00 | NOTE | |
r-patched-linux-x86_64 | 2.0-1 | 4.19 | 24.70 | 28.89 | NOTE | |
r-patched-solaris-x86 | 2.0-1 | 57.20 | NOTE | |||
r-release-linux-x86_64 | 2.0-1 | 3.93 | 24.95 | 28.88 | NOTE | |
r-release-windows-ix86+x86_64 | 2.0-1 | 10.00 | 35.00 | 45.00 | NOTE | |
r-release-osx-x86_64 | 2.0-1 | NOTE | ||||
r-oldrel-windows-ix86+x86_64 | 2.0-1 | 5.00 | 51.00 | 56.00 | NOTE | |
r-oldrel-osx-x86_64 | 2.0-1 | NOTE |
Version: 2.0-1
Check: R code for possible problems
Result: NOTE
.expandLevels: no visible global function definition for 'na.omit'
.ffStack: no visible global function definition for 'na.omit'
.ffffStack: no visible global function definition for 'na.omit'
Stack : <anonymous>: no visible global function definition for
'na.omit'
ffStack,ffdf-data.frame: no visible global function definition for
'na.omit'
ffStack,ffdf-ffdf: no visible global function definition for 'na.omit'
ffStack,ffdf-list: no visible global function definition for 'na.omit'
Undefined global functions or variables:
na.omit
Consider adding
importFrom("stats", "na.omit")
to your NAMESPACE file.
Flavors: r-devel-linux-x86_64-debian-clang, r-devel-linux-x86_64-debian-gcc, r-devel-linux-x86_64-fedora-clang, r-devel-linux-x86_64-fedora-gcc, r-devel-windows-ix86+x86_64, r-patched-linux-x86_64, r-patched-solaris-x86, r-release-linux-x86_64, r-release-windows-ix86+x86_64, r-release-osx-x86_64, r-oldrel-windows-ix86+x86_64, r-oldrel-osx-x86_64