CRAN Package Check Results for Package StanHeaders

Last updated on 2019-10-31 00:51:09 CET.

Flavor Version Tinstall Tcheck Ttotal Status Flags
r-devel-linux-x86_64-debian-clang 2.19.0 30.22 380.78 411.00 OK
r-devel-linux-x86_64-debian-gcc 2.19.0 17.94 301.28 319.22 OK
r-devel-linux-x86_64-fedora-clang 2.19.0 462.99 NOTE
r-devel-linux-x86_64-fedora-gcc 2.19.0 532.59 OK
r-devel-windows-ix86+x86_64 2.19.0 128.00 545.00 673.00 NOTE
r-patched-linux-x86_64 2.19.0 19.02 376.96 395.98 OK
r-patched-solaris-x86 2.19.0 596.50 NOTE
r-release-linux-x86_64 2.19.0 18.78 367.01 385.79 OK
r-release-windows-ix86+x86_64 2.19.0 137.00 392.00 529.00 NOTE
r-release-osx-x86_64 2.19.0 NOTE
r-oldrel-windows-ix86+x86_64 2.19.0 100.00 522.00 622.00 NOTE
r-oldrel-osx-x86_64 2.19.0 NOTE

Check Details

Version: 2.19.0
Check: installed package size
Result: NOTE
     installed size is 13.3Mb
     sub-directories of 1Mb or more:
     include 10.3Mb
     lib 2.8Mb
Flavors: r-devel-linux-x86_64-fedora-clang, r-devel-windows-ix86+x86_64, r-patched-solaris-x86, r-release-windows-ix86+x86_64, r-release-osx-x86_64, r-oldrel-windows-ix86+x86_64, r-oldrel-osx-x86_64