Last updated on 2019-10-31 00:51:09 CET.
Flavor | Version | Tinstall | Tcheck | Ttotal | Status | Flags |
---|---|---|---|---|---|---|
r-devel-linux-x86_64-debian-clang | 1.7 | 21.36 | 163.30 | 184.66 | OK | |
r-devel-linux-x86_64-debian-gcc | 1.7 | 16.58 | 128.11 | 144.69 | OK | |
r-devel-linux-x86_64-fedora-clang | 1.7 | 223.72 | OK | |||
r-devel-linux-x86_64-fedora-gcc | 1.7 | 223.40 | OK | |||
r-devel-windows-ix86+x86_64 | 1.7 | 50.00 | 250.00 | 300.00 | OK | |
r-patched-linux-x86_64 | 1.7 | 20.75 | 162.43 | 183.18 | OK | |
r-patched-solaris-x86 | 1.7 | 379.30 | OK | |||
r-release-linux-x86_64 | 1.7 | 18.65 | 160.90 | 179.55 | OK | |
r-release-windows-ix86+x86_64 | 1.7 | 45.00 | 237.00 | 282.00 | OK | |
r-release-osx-x86_64 | 1.7 | WARN | ||||
r-oldrel-windows-ix86+x86_64 | 1.7 | 33.00 | 201.00 | 234.00 | OK | |
r-oldrel-osx-x86_64 | 1.7 | OK |
Version: 1.7
Check: whether package can be installed
Result: WARN
Found the following significant warnings:
Warning: 'rgl_init' failed, running with rgl.useNULL = TRUE
Flavor: r-release-osx-x86_64