CRAN Package Check Results for Package SubgrPlots

Last updated on 2019-10-31 00:51:09 CET.

Flavor Version Tinstall Tcheck Ttotal Status Flags
r-devel-linux-x86_64-debian-clang 0.1.0 27.11 141.73 168.84 OK
r-devel-linux-x86_64-debian-gcc 0.1.0 23.23 106.44 129.67 OK
r-devel-linux-x86_64-fedora-clang 0.1.0 196.91 NOTE
r-devel-linux-x86_64-fedora-gcc 0.1.0 196.78 NOTE
r-devel-windows-ix86+x86_64 0.1.0 60.00 195.00 255.00 OK
r-patched-linux-x86_64 0.1.0 23.74 136.42 160.16 OK
r-patched-solaris-x86 0.1.0 254.20 NOTE
r-release-linux-x86_64 0.1.0 21.15 135.52 156.67 OK
r-release-windows-ix86+x86_64 0.1.0 53.00 128.00 181.00 OK
r-release-osx-x86_64 0.1.0 NOTE
r-oldrel-windows-ix86+x86_64 0.1.0 30.00 173.00 203.00 OK
r-oldrel-osx-x86_64 0.1.0 NOTE

Check Details

Version: 0.1.0
Check: dependencies in R code
Result: NOTE
    Namespaces in Imports field not imported from:
     ‘UpSetR’ ‘alluvial’ ‘geoR’ ‘gridBase’
     All declared Imports should be used.
Flavors: r-devel-linux-x86_64-fedora-clang, r-devel-linux-x86_64-fedora-gcc, r-patched-solaris-x86, r-release-osx-x86_64, r-oldrel-osx-x86_64