Last updated on 2019-10-31 00:51:09 CET.
Flavor | Version | Tinstall | Tcheck | Ttotal | Status | Flags |
---|---|---|---|---|---|---|
r-devel-linux-x86_64-debian-clang | 0.2.0 | 10.29 | 67.98 | 78.27 | OK | |
r-devel-linux-x86_64-debian-gcc | 0.2.0 | 8.81 | 52.63 | 61.44 | OK | |
r-devel-linux-x86_64-fedora-clang | 0.2.0 | 93.48 | NOTE | |||
r-devel-linux-x86_64-fedora-gcc | 0.2.0 | 94.14 | NOTE | |||
r-devel-windows-ix86+x86_64 | 0.2.0 | 27.00 | 106.00 | 133.00 | OK | |
r-patched-linux-x86_64 | 0.2.0 | 9.22 | 67.11 | 76.33 | OK | |
r-patched-solaris-x86 | 0.2.0 | 141.00 | NOTE | |||
r-release-linux-x86_64 | 0.2.0 | 9.61 | 66.02 | 75.63 | OK | |
r-release-windows-ix86+x86_64 | 0.2.0 | 23.00 | 69.00 | 92.00 | OK | |
r-release-osx-x86_64 | 0.2.0 | NOTE | ||||
r-oldrel-windows-ix86+x86_64 | 0.2.0 | 13.00 | 102.00 | 115.00 | OK | |
r-oldrel-osx-x86_64 | 0.2.0 | NOTE |
Version: 0.2.0
Check: dependencies in R code
Result: NOTE
Namespaces in Imports field not imported from:
‘R.matlab’ ‘fBasics’ ‘spls’
All declared Imports should be used.
Flavors: r-devel-linux-x86_64-fedora-clang, r-devel-linux-x86_64-fedora-gcc, r-patched-solaris-x86, r-release-osx-x86_64, r-oldrel-osx-x86_64