Last updated on 2019-10-31 00:51:09 CET.
Flavor | Version | Tinstall | Tcheck | Ttotal | Status | Flags |
---|---|---|---|---|---|---|
r-devel-linux-x86_64-debian-clang | 1.0.0 | 8.79 | 79.64 | 88.43 | OK | |
r-devel-linux-x86_64-debian-gcc | 1.0.0 | 7.08 | 60.62 | 67.70 | OK | |
r-devel-linux-x86_64-fedora-clang | 1.0.0 | 104.85 | NOTE | |||
r-devel-linux-x86_64-fedora-gcc | 1.0.0 | 103.66 | NOTE | |||
r-devel-windows-ix86+x86_64 | 1.0.0 | 24.00 | 127.00 | 151.00 | OK | |
r-patched-linux-x86_64 | 1.0.0 | 6.53 | 75.12 | 81.65 | OK | |
r-patched-solaris-x86 | 1.0.0 | 148.00 | NOTE | |||
r-release-linux-x86_64 | 1.0.0 | 8.55 | 76.16 | 84.71 | OK | |
r-release-windows-ix86+x86_64 | 1.0.0 | 20.00 | 93.00 | 113.00 | OK | |
r-release-osx-x86_64 | 1.0.0 | NOTE | ||||
r-oldrel-windows-ix86+x86_64 | 1.0.0 | 8.00 | 130.00 | 138.00 | OK | |
r-oldrel-osx-x86_64 | 1.0.0 | NOTE |
Version: 1.0.0
Check: dependencies in R code
Result: NOTE
Namespaces in Imports field not imported from:
‘Matrix’ ‘quadprog’
All declared Imports should be used.
Flavors: r-devel-linux-x86_64-fedora-clang, r-devel-linux-x86_64-fedora-gcc, r-patched-solaris-x86, r-release-osx-x86_64, r-oldrel-osx-x86_64