Last updated on 2019-10-31 00:51:09 CET.
Flavor | Version | Tinstall | Tcheck | Ttotal | Status | Flags |
---|---|---|---|---|---|---|
r-devel-linux-x86_64-debian-clang | 1.0 | 15.72 | 101.08 | 116.80 | OK | |
r-devel-linux-x86_64-debian-gcc | 1.0 | 12.59 | 79.41 | 92.00 | OK | |
r-devel-linux-x86_64-fedora-clang | 1.0 | 159.47 | OK | |||
r-devel-linux-x86_64-fedora-gcc | 1.0 | 146.87 | OK | |||
r-devel-windows-ix86+x86_64 | 1.0 | 46.00 | 167.00 | 213.00 | OK | |
r-patched-linux-x86_64 | 1.0 | 14.43 | 98.80 | 113.23 | OK | |
r-patched-solaris-x86 | 1.0 | 213.40 | OK | |||
r-release-linux-x86_64 | 1.0 | 14.07 | 98.86 | 112.93 | OK | |
r-release-windows-ix86+x86_64 | 1.0 | 41.00 | 107.00 | 148.00 | OK | |
r-release-osx-x86_64 | 1.0 | ERROR | ||||
r-oldrel-windows-ix86+x86_64 | 1.0 | 27.00 | 155.00 | 182.00 | OK | |
r-oldrel-osx-x86_64 | 1.0 | OK |
Version: 1.0
Check: examples
Result: ERROR
Running examples in ‘TELP-Ex.R’ failed
The error most likely occurred in:
> ### Name: telp
> ### Title: The Base Function of This Package The Free Evocation of Words
> ### Technique
> ### Aliases: telp
> ### Keywords: function
>
> ### ** Examples
>
> telp()
Error in structure(.External(.C_dotTclObjv, objv), class = "tclObj") :
[tcl] invalid command name "toplevel".
Calls: telp ... tktoplevel -> tkwidget -> tcl -> .Tcl.objv -> structure
Execution halted
Flavor: r-release-osx-x86_64