Last updated on 2019-10-31 00:51:10 CET.
Flavor | Version | Tinstall | Tcheck | Ttotal | Status | Flags |
---|---|---|---|---|---|---|
r-devel-linux-x86_64-debian-clang | 2.3 | 7.33 | 94.84 | 102.17 | OK | |
r-devel-linux-x86_64-debian-gcc | 2.3 | 5.96 | 70.06 | 76.02 | OK | |
r-devel-linux-x86_64-fedora-clang | 2.3 | 117.76 | NOTE | |||
r-devel-linux-x86_64-fedora-gcc | 2.3 | 118.32 | NOTE | |||
r-devel-windows-ix86+x86_64 | 2.3 | 24.00 | 138.00 | 162.00 | OK | |
r-patched-linux-x86_64 | 2.3 | 7.02 | 88.75 | 95.77 | OK | |
r-patched-solaris-x86 | 2.3 | 154.30 | NOTE | |||
r-release-linux-x86_64 | 2.3 | 7.45 | 88.11 | 95.56 | OK | |
r-release-windows-ix86+x86_64 | 2.3 | 21.00 | 92.00 | 113.00 | OK | |
r-release-osx-x86_64 | 2.3 | NOTE | ||||
r-oldrel-windows-ix86+x86_64 | 2.3 | 9.00 | 142.00 | 151.00 | OK | |
r-oldrel-osx-x86_64 | 2.3 | NOTE |
Version: 2.3
Check: dependencies in R code
Result: NOTE
Namespace in Imports field not imported from: ‘snow’
All declared Imports should be used.
Flavors: r-devel-linux-x86_64-fedora-clang, r-devel-linux-x86_64-fedora-gcc, r-patched-solaris-x86, r-release-osx-x86_64, r-oldrel-osx-x86_64