Last updated on 2019-10-31 00:51:09 CET.
Flavor | Version | Tinstall | Tcheck | Ttotal | Status | Flags |
---|---|---|---|---|---|---|
r-devel-linux-x86_64-debian-clang | 0.1.0 | 1.57 | 15.92 | 17.49 | OK | |
r-devel-linux-x86_64-debian-gcc | 0.1.0 | 1.47 | 12.95 | 14.42 | OK | |
r-devel-linux-x86_64-fedora-clang | 0.1.0 | 22.13 | NOTE | |||
r-devel-linux-x86_64-fedora-gcc | 0.1.0 | 21.57 | NOTE | |||
r-devel-windows-ix86+x86_64 | 0.1.0 | 6.00 | 46.00 | 52.00 | OK | |
r-patched-linux-x86_64 | 0.1.0 | 1.08 | 15.79 | 16.87 | OK | |
r-patched-solaris-x86 | 0.1.0 | 33.80 | NOTE | |||
r-release-linux-x86_64 | 0.1.0 | 1.36 | 15.63 | 16.99 | OK | |
r-release-windows-ix86+x86_64 | 0.1.0 | 6.00 | 28.00 | 34.00 | OK | |
r-release-osx-x86_64 | 0.1.0 | NOTE | ||||
r-oldrel-windows-ix86+x86_64 | 0.1.0 | 2.00 | 47.00 | 49.00 | OK | |
r-oldrel-osx-x86_64 | 0.1.0 | NOTE |
Version: 0.1.0
Check: dependencies in R code
Result: NOTE
Namespace in Imports field not imported from: ‘jiebaR’
All declared Imports should be used.
Flavors: r-devel-linux-x86_64-fedora-clang, r-devel-linux-x86_64-fedora-gcc, r-patched-solaris-x86, r-release-osx-x86_64, r-oldrel-osx-x86_64